{"id":744,"date":"2024-03-19T19:00:54","date_gmt":"2024-03-19T22:00:54","guid":{"rendered":"https:\/\/cirurgiaplasticapassofundo.com.br\/?page_id=744"},"modified":"2026-04-07T15:21:08","modified_gmt":"2026-04-07T18:21:08","slug":"ginecomastia","status":"publish","type":"page","link":"https:\/\/cirurgiaplasticapassofundo.com.br\/?page_id=744","title":{"rendered":"Ginecomastia"},"content":{"rendered":"\t\t<div data-elementor-type=\"wp-page\" data-elementor-id=\"744\" class=\"elementor elementor-744\" data-elementor-settings=\"[]\">\n\t\t\t\t\t\t\t<div class=\"elementor-section-wrap\">\n\t\t\t\t\t\t\t<section class=\"elementor-section elementor-top-section elementor-element elementor-element-9646a5f elementor-section-boxed elementor-section-height-default elementor-section-height-default\" data-id=\"9646a5f\" data-element_type=\"section\" data-settings=\"{&quot;background_background&quot;:&quot;classic&quot;}\">\n\t\t\t\t\t\t<div class=\"elementor-container elementor-column-gap-default\">\n\t\t\t\t\t<div class=\"elementor-column elementor-col-50 elementor-top-column elementor-element elementor-element-1d35da5\" data-id=\"1d35da5\" data-element_type=\"column\">\n\t\t\t<div class=\"elementor-widget-wrap elementor-element-populated\">\n\t\t\t\t\t\t\t\t<div class=\"elementor-element elementor-element-57b517b elementor-hidden-phone elementor-invisible elementor-widget elementor-widget-spacer\" data-id=\"57b517b\" data-element_type=\"widget\" data-settings=\"{&quot;_animation&quot;:&quot;fadeInDown&quot;}\" data-widget_type=\"spacer.default\">\n\t\t\t\t<div class=\"elementor-widget-container\">\n\t\t\t\t\t<div class=\"elementor-spacer\">\n\t\t\t<div class=\"elementor-spacer-inner\"><\/div>\n\t\t<\/div>\n\t\t\t\t<\/div>\n\t\t\t\t<\/div>\n\t\t\t\t<div class=\"elementor-element elementor-element-80832d9 elementor-invisible elementor-widget elementor-widget-heading\" data-id=\"80832d9\" data-element_type=\"widget\" data-settings=\"{&quot;_animation&quot;:&quot;fadeInLeft&quot;}\" data-widget_type=\"heading.default\">\n\t\t\t\t<div class=\"elementor-widget-container\">\n\t\t\t<h1 class=\"elementor-heading-title elementor-size-default\">Ginecomastia<\/h1>\t\t<\/div>\n\t\t\t\t<\/div>\n\t\t\t\t\t<\/div>\n\t\t<\/div>\n\t\t\t\t<div class=\"elementor-column elementor-col-50 elementor-top-column elementor-element elementor-element-5450390\" data-id=\"5450390\" data-element_type=\"column\">\n\t\t\t<div class=\"elementor-widget-wrap elementor-element-populated\">\n\t\t\t\t\t\t\t\t<div class=\"elementor-element elementor-element-21ce2fe elementor-invisible elementor-widget elementor-widget-heading\" data-id=\"21ce2fe\" data-element_type=\"widget\" data-settings=\"{&quot;_animation&quot;:&quot;fadeIn&quot;}\" data-widget_type=\"heading.default\">\n\t\t\t\t<div class=\"elementor-widget-container\">\n\t\t\t<h5 class=\"elementor-heading-title elementor-size-medium\">rESUMO<\/h5>\t\t<\/div>\n\t\t\t\t<\/div>\n\t\t\t\t<div class=\"elementor-element elementor-element-26831aa elementor-invisible elementor-widget elementor-widget-text-editor\" data-id=\"26831aa\" data-element_type=\"widget\" data-settings=\"{&quot;_animation&quot;:&quot;fadeIn&quot;}\" data-widget_type=\"text-editor.default\">\n\t\t\t\t<div class=\"elementor-widget-container\">\n\t\t\t\t\t\t\t\t<p>A ginecomastia \u00e9 uma altera\u00e7\u00e3o da mama masculina que est\u00e1 aumentada. Essa altera\u00e7\u00e3o causa problemas no homem que, \u00e0s vezes, podem impedi-lo de desenvolver sua vida normalmente.<\/p>\t\t\t\t\t\t<\/div>\n\t\t\t\t<\/div>\n\t\t\t\t\t<\/div>\n\t\t<\/div>\n\t\t\t\t\t\t\t<\/div>\n\t\t<\/section>\n\t\t\t\t<section class=\"elementor-section elementor-top-section elementor-element elementor-element-b54c517 elementor-section-boxed elementor-section-height-default elementor-section-height-default\" data-id=\"b54c517\" data-element_type=\"section\">\n\t\t\t\t\t\t<div class=\"elementor-container elementor-column-gap-no\">\n\t\t\t\t\t<div class=\"elementor-column elementor-col-50 elementor-top-column elementor-element elementor-element-4a455a3\" data-id=\"4a455a3\" data-element_type=\"column\">\n\t\t\t<div class=\"elementor-widget-wrap elementor-element-populated\">\n\t\t\t\t\t\t\t\t<div class=\"elementor-element elementor-element-b0bd129 elementor-widget elementor-widget-image\" data-id=\"b0bd129\" data-element_type=\"widget\" data-widget_type=\"image.default\">\n\t\t\t\t<div class=\"elementor-widget-container\">\n\t\t\t\t\t\t\t\t\t\t\t\t\t\t\t<img loading=\"lazy\" decoding=\"async\" width=\"800\" height=\"600\" src=\"https:\/\/cirurgiaplasticapassofundo.com.br\/wp-content\/uploads\/2024\/03\/9e3cd6df8123ec8a396a2cb87249c0ef.jpg\" class=\"attachment-large size-large\" alt=\"\" srcset=\"https:\/\/cirurgiaplasticapassofundo.com.br\/wp-content\/uploads\/2024\/03\/9e3cd6df8123ec8a396a2cb87249c0ef.jpg 960w, https:\/\/cirurgiaplasticapassofundo.com.br\/wp-content\/uploads\/2024\/03\/9e3cd6df8123ec8a396a2cb87249c0ef-300x225.jpg 300w, https:\/\/cirurgiaplasticapassofundo.com.br\/wp-content\/uploads\/2024\/03\/9e3cd6df8123ec8a396a2cb87249c0ef-768x576.jpg 768w\" sizes=\"auto, (max-width: 800px) 100vw, 800px\" \/>\t\t\t\t\t\t\t\t\t\t\t\t\t\t\t<\/div>\n\t\t\t\t<\/div>\n\t\t\t\t\t<\/div>\n\t\t<\/div>\n\t\t\t\t<div class=\"elementor-column elementor-col-50 elementor-top-column elementor-element elementor-element-cfa8ce6\" data-id=\"cfa8ce6\" data-element_type=\"column\">\n\t\t\t<div class=\"elementor-widget-wrap elementor-element-populated\">\n\t\t\t\t\t\t\t\t<section class=\"elementor-section elementor-inner-section elementor-element elementor-element-4c6e346 elementor-section-boxed elementor-section-height-default elementor-section-height-default\" data-id=\"4c6e346\" data-element_type=\"section\">\n\t\t\t\t\t\t<div class=\"elementor-container elementor-column-gap-default\">\n\t\t\t\t\t<div class=\"elementor-column elementor-col-100 elementor-inner-column elementor-element elementor-element-e58caec\" data-id=\"e58caec\" data-element_type=\"column\">\n\t\t\t<div class=\"elementor-widget-wrap elementor-element-populated\">\n\t\t\t\t\t\t\t\t<div class=\"elementor-element elementor-element-35bb013 elementor-invisible elementor-widget elementor-widget-heading\" data-id=\"35bb013\" data-element_type=\"widget\" data-settings=\"{&quot;_animation&quot;:&quot;fadeInLeft&quot;}\" data-widget_type=\"heading.default\">\n\t\t\t\t<div class=\"elementor-widget-container\">\n\t\t\t<h1 class=\"elementor-heading-title elementor-size-default\">Itens<\/h1>\t\t<\/div>\n\t\t\t\t<\/div>\n\t\t\t\t<div class=\"elementor-element elementor-element-5291050 elementor-icon-list--layout-traditional elementor-list-item-link-full_width elementor-widget elementor-widget-icon-list\" data-id=\"5291050\" data-element_type=\"widget\" data-widget_type=\"icon-list.default\">\n\t\t\t\t<div class=\"elementor-widget-container\">\n\t\t\t\t\t<ul class=\"elementor-icon-list-items\">\n\t\t\t\t\t\t\t<li class=\"elementor-icon-list-item\">\n\t\t\t\t\t\t\t\t\t\t\t<span class=\"elementor-icon-list-icon\">\n\t\t\t\t\t\t\t<i aria-hidden=\"true\" class=\"far fa-clock\"><\/i>\t\t\t\t\t\t<\/span>\n\t\t\t\t\t\t\t\t\t\t<span class=\"elementor-icon-list-text\">INTERVEN\u00c7\u00c3O - 1 hora<\/span>\n\t\t\t\t\t\t\t\t\t<\/li>\n\t\t\t\t\t\t\t\t<li class=\"elementor-icon-list-item\">\n\t\t\t\t\t\t\t\t\t\t\t<span class=\"elementor-icon-list-icon\">\n\t\t\t\t\t\t\t<i aria-hidden=\"true\" class=\"far fa-eye-slash\"><\/i>\t\t\t\t\t\t<\/span>\n\t\t\t\t\t\t\t\t\t\t<span class=\"elementor-icon-list-text\">ANESTESIA - local com seda\u00e7\u00e3o<\/span>\n\t\t\t\t\t\t\t\t\t<\/li>\n\t\t\t\t\t\t\t\t<li class=\"elementor-icon-list-item\">\n\t\t\t\t\t\t\t\t\t\t\t<span class=\"elementor-icon-list-icon\">\n\t\t\t\t\t\t\t<i aria-hidden=\"true\" class=\"fas fa-bed\"><\/i>\t\t\t\t\t\t<\/span>\n\t\t\t\t\t\t\t\t\t\t<span class=\"elementor-icon-list-text\">CAMA - n\u00e3o obrigat\u00f3rio<\/span>\n\t\t\t\t\t\t\t\t\t<\/li>\n\t\t\t\t\t\t\t\t<li class=\"elementor-icon-list-item\">\n\t\t\t\t\t\t\t\t\t\t\t<span class=\"elementor-icon-list-icon\">\n\t\t\t\t\t\t\t<i aria-hidden=\"true\" class=\"fas fa-check\"><\/i>\t\t\t\t\t\t<\/span>\n\t\t\t\t\t\t\t\t\t\t<span class=\"elementor-icon-list-text\">EFEITO - imediato<\/span>\n\t\t\t\t\t\t\t\t\t<\/li>\n\t\t\t\t\t\t\t\t<li class=\"elementor-icon-list-item\">\n\t\t\t\t\t\t\t\t\t\t\t<span class=\"elementor-icon-list-icon\">\n\t\t\t\t\t\t\t<i aria-hidden=\"true\" class=\"fas fa-check-circle\"><\/i>\t\t\t\t\t\t<\/span>\n\t\t\t\t\t\t\t\t\t\t<span class=\"elementor-icon-list-text\">RECUPERA\u00c7\u00c3O - 1 semana<\/span>\n\t\t\t\t\t\t\t\t\t<\/li>\n\t\t\t\t\t\t\t\t<li class=\"elementor-icon-list-item\">\n\t\t\t\t\t\t\t\t\t\t\t<span class=\"elementor-icon-list-icon\">\n\t\t\t\t\t\t\t<i aria-hidden=\"true\" class=\"far fa-heart\"><\/i>\t\t\t\t\t\t<\/span>\n\t\t\t\t\t\t\t\t\t\t<span class=\"elementor-icon-list-text\">RESULTADO - Dur\u00e1vel<\/span>\n\t\t\t\t\t\t\t\t\t<\/li>\n\t\t\t\t\t\t<\/ul>\n\t\t\t\t<\/div>\n\t\t\t\t<\/div>\n\t\t\t\t<div class=\"elementor-element elementor-element-bff735b elementor-align-justify elementor-widget elementor-widget-button\" data-id=\"bff735b\" data-element_type=\"widget\" data-widget_type=\"button.default\">\n\t\t\t\t<div class=\"elementor-widget-container\">\n\t\t\t\t\t<div class=\"elementor-button-wrapper\">\n\t\t\t<a href=\"https:\/\/cirurgiaplasticapassofundo.com.br\/?page_id=971\" class=\"elementor-button-link elementor-button elementor-size-sm\" role=\"button\">\n\t\t\t\t\t\t<span class=\"elementor-button-content-wrapper\">\n\t\t\t\t\t\t<span class=\"elementor-button-text\">D\u00favidas<\/span>\n\t\t<\/span>\n\t\t\t\t\t<\/a>\n\t\t<\/div>\n\t\t\t\t<\/div>\n\t\t\t\t<\/div>\n\t\t\t\t\t<\/div>\n\t\t<\/div>\n\t\t\t\t\t\t\t<\/div>\n\t\t<\/section>\n\t\t\t\t\t<\/div>\n\t\t<\/div>\n\t\t\t\t\t\t\t<\/div>\n\t\t<\/section>\n\t\t\t\t<section class=\"elementor-section elementor-top-section elementor-element elementor-element-5999f08 elementor-section-boxed elementor-section-height-default elementor-section-height-default\" data-id=\"5999f08\" data-element_type=\"section\" data-settings=\"{&quot;background_background&quot;:&quot;classic&quot;}\">\n\t\t\t\t\t\t<div class=\"elementor-container elementor-column-gap-default\">\n\t\t\t\t\t<div class=\"elementor-column elementor-col-100 elementor-top-column elementor-element elementor-element-763f2d9\" data-id=\"763f2d9\" data-element_type=\"column\">\n\t\t\t<div class=\"elementor-widget-wrap elementor-element-populated\">\n\t\t\t\t\t\t\t\t<div class=\"elementor-element elementor-element-acfc5d0 elementor-hidden-phone elementor-invisible elementor-widget elementor-widget-heading\" data-id=\"acfc5d0\" data-element_type=\"widget\" data-settings=\"{&quot;_animation&quot;:&quot;fadeIn&quot;}\" data-widget_type=\"heading.default\">\n\t\t\t\t<div class=\"elementor-widget-container\">\n\t\t\t<h5 class=\"elementor-heading-title elementor-size-medium\">Procedimento cir\u00fargico<\/h5>\t\t<\/div>\n\t\t\t\t<\/div>\n\t\t\t\t<div class=\"elementor-element elementor-element-59eb270 elementor-invisible elementor-widget elementor-widget-heading\" data-id=\"59eb270\" data-element_type=\"widget\" data-settings=\"{&quot;_animation&quot;:&quot;fadeInRight&quot;}\" data-widget_type=\"heading.default\">\n\t\t\t\t<div class=\"elementor-widget-container\">\n\t\t\t<h2 class=\"elementor-heading-title elementor-size-xxl\">Conhe\u00e7a<\/h2>\t\t<\/div>\n\t\t\t\t<\/div>\n\t\t\t\t<div class=\"elementor-element elementor-element-e8abee3 elementor-widget-divider--view-line elementor-invisible elementor-widget elementor-widget-divider\" data-id=\"e8abee3\" data-element_type=\"widget\" data-settings=\"{&quot;_animation&quot;:&quot;fadeInUp&quot;}\" data-widget_type=\"divider.default\">\n\t\t\t\t<div class=\"elementor-widget-container\">\n\t\t\t\t\t<div class=\"elementor-divider\">\n\t\t\t<span class=\"elementor-divider-separator\">\n\t\t\t\t\t\t<\/span>\n\t\t<\/div>\n\t\t\t\t<\/div>\n\t\t\t\t<\/div>\n\t\t\t\t<div class=\"elementor-element elementor-element-553c11c elementor-invisible elementor-widget elementor-widget-text-editor\" data-id=\"553c11c\" data-element_type=\"widget\" data-settings=\"{&quot;_animation&quot;:&quot;fadeIn&quot;}\" data-widget_type=\"text-editor.default\">\n\t\t\t\t<div class=\"elementor-widget-container\">\n\t\t\t\t\t\t\t\t<p>Quando falamos sobre o excesso de mama masculino, podemos estar nos referindo a pseudoginecomastia ou ginecomastia, duas situa\u00e7\u00f5es que, por si s\u00f3, n\u00e3o implicam em nenhum risco \u00e0 sa\u00fade.<\/p><p>A ginecomastia falsa ocorre quando, devido \u00e0 obesidade geral, a gl\u00e2ndula mam\u00e1ria abriga aglomerados localizados de gordura. Sua solu\u00e7\u00e3o \u00e9 simples e consiste em realizar uma lipoaspira\u00e7\u00e3o.<\/p><p>A pr\u00f3pria ginecomastia \u00e9 diferente, ocorre quando h\u00e1 um desenvolvimento do tecido mam\u00e1rio que o torna palp\u00e1vel ou vis\u00edvel. Nesse caso, o problema \u00e9 resolvido por uma interven\u00e7\u00e3o cir\u00fargica que consiste na remo\u00e7\u00e3o do tecido glandular e, algumas vezes, na lipoaspira\u00e7\u00e3o dos tecidos adiposos existentes.<\/p><p><strong>EM QUE CONSISTE<\/strong><\/p><p>A lipoaspira\u00e7\u00e3o da mama masculina \u00e9 um procedimento r\u00e1pido. O tempo de interven\u00e7\u00e3o \u00e9 geralmente de cerca de trinta minutos. Ap\u00f3s administrar a anestesia geral e esterilizar a \u00e1rea a ser tratada, o cirurgi\u00e3o realiza uma pequena incis\u00e3o (apenas tr\u00eas mil\u00edmetros), geralmente na axila, que permite a penetra\u00e7\u00e3o de uma c\u00e2nula pela qual a gordura ser\u00e1 aspirada. Uma vez terminada a suc\u00e7\u00e3o de gordura, a c\u00e2nula \u00e9 removida e a incis\u00e3o \u00e9 fechada com sutura. A cicatriz resultante \u00e9 praticamente invis\u00edvel gra\u00e7as ao tamanho muito pequeno da incis\u00e3o.<\/p><p>No caso de uma ginecomastia, o objetivo \u00e9 eliminar o tecido glandular, que desce do mamilo at\u00e9 o m\u00fasculo peitoral. A interven\u00e7\u00e3o, que tamb\u00e9m \u00e9 realizada sob anestesia geral, dura entre 1 e 2 horas. O cirurgi\u00e3o faz uma incis\u00e3o, geralmente na axila ou periareolar, e a partir da\u00ed a gl\u00e2ndula \u00e9 removida.<\/p><p><strong>HOSPITALIZA\u00c7\u00c3O<\/strong><\/p><p>O tempo de interna\u00e7\u00e3o \u00e9 normalmente de 24 horas.<\/p><p><strong>ANESTESIA<\/strong><\/p><p>Este procedimento \u00e9 realizado atrav\u00e9s da aplica\u00e7\u00e3o de anestesia geral.<\/p><p><strong>OS BENEF\u00cdCIOS<\/strong><\/p><p>Os resultados s\u00e3o permanentes. O n\u00edvel de satisfa\u00e7\u00e3o \u00e9 muito alto, porque o n\u00edvel de motiva\u00e7\u00e3o tamb\u00e9m tende a ser.<\/p><p>O paciente sente enorme al\u00edvio recuperando uma silhueta harmoniosa, sendo capaz de mostrar seu corpo sem vergonha e ser capaz de encarar atividades cotidianas como de costume, como passar um dia na praia ou na piscina, praticar esportes ou ir \u00e0 academia.<\/p><p><strong>PR\u00c9-OPERAT\u00d3RIO<\/strong><\/p><p>Como em todas as interven\u00e7\u00f5es que exigem anestesia, \u00e9 essencial realizar um exame m\u00e9dico pr\u00e9vio para detectar qualquer poss\u00edvel anomalia que possa contraindicar a opera\u00e7\u00e3o.<\/p><p><strong>P\u00d3S-OPERAT\u00d3RIO<\/strong><\/p><p>\u00c9 uma interven\u00e7\u00e3o ap\u00f3s a qual o aparecimento de incha\u00e7o e hematomas deve ser esperado. A lipoaspira\u00e7\u00e3o requer o uso de um m\u00e9todo de compreens\u00e3o na \u00e1rea tratada por 2 ou 3 semanas continuamente. Isso evita o ac\u00famulo de fluidos sob a pele e a substitui no local at\u00e9 se adaptar \u00e0 diminui\u00e7\u00e3o do volume da mama.<\/p><p>Ap\u00f3s cerca de 4 dias ap\u00f3s a interven\u00e7\u00e3o, o paciente poder\u00e1 retornar \u00e0 sua vida social e laboral com normalidade. Quatro dias ap\u00f3s a interven\u00e7\u00e3o, o paciente pode retornar \u00e0 sua vida social e laboral.<\/p>\t\t\t\t\t\t<\/div>\n\t\t\t\t<\/div>\n\t\t\t\t<div class=\"elementor-element elementor-element-f094069 elementor-align-left elementor-invisible elementor-widget elementor-widget-button\" data-id=\"f094069\" data-element_type=\"widget\" data-settings=\"{&quot;_animation&quot;:&quot;fadeInUp&quot;,&quot;_animation_delay&quot;:800}\" data-widget_type=\"button.default\">\n\t\t\t\t<div class=\"elementor-widget-container\">\n\t\t\t\t\t<div class=\"elementor-button-wrapper\">\n\t\t\t<a href=\"https:\/\/cirurgiaplasticapassofundo.com.br\/?page_id=971\" target=\"_blank\" class=\"elementor-button-link elementor-button elementor-size-md elementor-animation-sink\" role=\"button\">\n\t\t\t\t\t\t<span class=\"elementor-button-content-wrapper\">\n\t\t\t\t\t\t<span class=\"elementor-button-icon elementor-align-icon-right\">\n\t\t\t\t<i aria-hidden=\"true\" class=\"fas fa-angle-right\"><\/i>\t\t\t<\/span>\n\t\t\t\t\t\t<span class=\"elementor-button-text\">Agendar Consulta<\/span>\n\t\t<\/span>\n\t\t\t\t\t<\/a>\n\t\t<\/div>\n\t\t\t\t<\/div>\n\t\t\t\t<\/div>\n\t\t\t\t\t<\/div>\n\t\t<\/div>\n\t\t\t\t\t\t\t<\/div>\n\t\t<\/section>\n\t\t\t\t\t\t<\/div>\n\t\t\t\t\t<\/div>\n\t\t","protected":false},"excerpt":{"rendered":"<p>Ginecomastia rESUMO A ginecomastia \u00e9 uma altera\u00e7\u00e3o da mama masculina que est\u00e1 aumentada. Essa altera\u00e7\u00e3o causa problemas no homem que, \u00e0s vezes, podem impedi-lo de desenvolver sua vida normalmente. Itens INTERVEN\u00c7\u00c3O &#8211; 1 hora ANESTESIA &#8211; local com seda\u00e7\u00e3o CAMA &#8211; n\u00e3o obrigat\u00f3rio EFEITO &#8211; imediato RECUPERA\u00c7\u00c3O &#8211; 1 semana RESULTADO &#8211; Dur\u00e1vel D\u00favidas Procedimento [&hellip;]<\/p>\n","protected":false},"author":1,"featured_media":0,"parent":0,"menu_order":0,"comment_status":"closed","ping_status":"closed","template":"","meta":{"footnotes":""},"class_list":["post-744","page","type-page","status-publish","hentry"],"yoast_head":"<!-- This site is optimized with the Yoast SEO plugin v22.2 - https:\/\/yoast.com\/wordpress\/plugins\/seo\/ -->\n<title>Ginecomastia -<\/title>\n<meta name=\"robots\" content=\"index, follow, max-snippet:-1, max-image-preview:large, max-video-preview:-1\" \/>\n<link rel=\"canonical\" href=\"https:\/\/cirurgiaplasticapassofundo.com.br\/?page_id=744\" \/>\n<meta property=\"og:locale\" content=\"pt_BR\" \/>\n<meta property=\"og:type\" content=\"article\" \/>\n<meta property=\"og:title\" content=\"Ginecomastia -\" \/>\n<meta property=\"og:description\" content=\"Ginecomastia rESUMO A ginecomastia \u00e9 uma altera\u00e7\u00e3o da mama masculina que est\u00e1 aumentada. Essa altera\u00e7\u00e3o causa problemas no homem que, \u00e0s vezes, podem impedi-lo de desenvolver sua vida normalmente. Itens INTERVEN\u00c7\u00c3O &#8211; 1 hora ANESTESIA &#8211; local com seda\u00e7\u00e3o CAMA &#8211; n\u00e3o obrigat\u00f3rio EFEITO &#8211; imediato RECUPERA\u00c7\u00c3O &#8211; 1 semana RESULTADO &#8211; Dur\u00e1vel D\u00favidas Procedimento [&hellip;]\" \/>\n<meta property=\"og:url\" content=\"https:\/\/cirurgiaplasticapassofundo.com.br\/?page_id=744\" \/>\n<meta property=\"article:modified_time\" content=\"2026-04-07T18:21:08+00:00\" \/>\n<meta property=\"og:image\" content=\"https:\/\/cirurgiaplasticapassofundo.com.br\/wp-content\/uploads\/2024\/03\/9e3cd6df8123ec8a396a2cb87249c0ef.jpg\" \/>\n<meta name=\"twitter:card\" content=\"summary_large_image\" \/>\n<meta name=\"twitter:label1\" content=\"Est. tempo de leitura\" \/>\n\t<meta name=\"twitter:data1\" content=\"3 minutos\" \/>\n<script type=\"application\/ld+json\" class=\"yoast-schema-graph\">{\"@context\":\"https:\/\/schema.org\",\"@graph\":[{\"@type\":\"WebPage\",\"@id\":\"https:\/\/cirurgiaplasticapassofundo.com.br\/?page_id=744\",\"url\":\"https:\/\/cirurgiaplasticapassofundo.com.br\/?page_id=744\",\"name\":\"Ginecomastia -\",\"isPartOf\":{\"@id\":\"https:\/\/cirurgiaplasticapassofundo.com.br\/#website\"},\"primaryImageOfPage\":{\"@id\":\"https:\/\/cirurgiaplasticapassofundo.com.br\/?page_id=744#primaryimage\"},\"image\":{\"@id\":\"https:\/\/cirurgiaplasticapassofundo.com.br\/?page_id=744#primaryimage\"},\"thumbnailUrl\":\"https:\/\/cirurgiaplasticapassofundo.com.br\/wp-content\/uploads\/2024\/03\/9e3cd6df8123ec8a396a2cb87249c0ef.jpg\",\"datePublished\":\"2024-03-19T22:00:54+00:00\",\"dateModified\":\"2026-04-07T18:21:08+00:00\",\"breadcrumb\":{\"@id\":\"https:\/\/cirurgiaplasticapassofundo.com.br\/?page_id=744#breadcrumb\"},\"inLanguage\":\"pt-BR\",\"potentialAction\":[{\"@type\":\"ReadAction\",\"target\":[\"https:\/\/cirurgiaplasticapassofundo.com.br\/?page_id=744\"]}]},{\"@type\":\"ImageObject\",\"inLanguage\":\"pt-BR\",\"@id\":\"https:\/\/cirurgiaplasticapassofundo.com.br\/?page_id=744#primaryimage\",\"url\":\"https:\/\/cirurgiaplasticapassofundo.com.br\/wp-content\/uploads\/2024\/03\/9e3cd6df8123ec8a396a2cb87249c0ef.jpg\",\"contentUrl\":\"https:\/\/cirurgiaplasticapassofundo.com.br\/wp-content\/uploads\/2024\/03\/9e3cd6df8123ec8a396a2cb87249c0ef.jpg\",\"width\":960,\"height\":720},{\"@type\":\"BreadcrumbList\",\"@id\":\"https:\/\/cirurgiaplasticapassofundo.com.br\/?page_id=744#breadcrumb\",\"itemListElement\":[{\"@type\":\"ListItem\",\"position\":1,\"name\":\"In\u00edcio\",\"item\":\"https:\/\/cirurgiaplasticapassofundo.com.br\/\"},{\"@type\":\"ListItem\",\"position\":2,\"name\":\"Ginecomastia\"}]},{\"@type\":\"WebSite\",\"@id\":\"https:\/\/cirurgiaplasticapassofundo.com.br\/#website\",\"url\":\"https:\/\/cirurgiaplasticapassofundo.com.br\/\",\"name\":\"\",\"description\":\"\",\"potentialAction\":[{\"@type\":\"SearchAction\",\"target\":{\"@type\":\"EntryPoint\",\"urlTemplate\":\"https:\/\/cirurgiaplasticapassofundo.com.br\/?s={search_term_string}\"},\"query-input\":\"required name=search_term_string\"}],\"inLanguage\":\"pt-BR\"}]}<\/script>\n<!-- \/ Yoast SEO plugin. -->","yoast_head_json":{"title":"Ginecomastia -","robots":{"index":"index","follow":"follow","max-snippet":"max-snippet:-1","max-image-preview":"max-image-preview:large","max-video-preview":"max-video-preview:-1"},"canonical":"https:\/\/cirurgiaplasticapassofundo.com.br\/?page_id=744","og_locale":"pt_BR","og_type":"article","og_title":"Ginecomastia -","og_description":"Ginecomastia rESUMO A ginecomastia \u00e9 uma altera\u00e7\u00e3o da mama masculina que est\u00e1 aumentada. Essa altera\u00e7\u00e3o causa problemas no homem que, \u00e0s vezes, podem impedi-lo de desenvolver sua vida normalmente. Itens INTERVEN\u00c7\u00c3O &#8211; 1 hora ANESTESIA &#8211; local com seda\u00e7\u00e3o CAMA &#8211; n\u00e3o obrigat\u00f3rio EFEITO &#8211; imediato RECUPERA\u00c7\u00c3O &#8211; 1 semana RESULTADO &#8211; Dur\u00e1vel D\u00favidas Procedimento [&hellip;]","og_url":"https:\/\/cirurgiaplasticapassofundo.com.br\/?page_id=744","article_modified_time":"2026-04-07T18:21:08+00:00","og_image":[{"url":"https:\/\/cirurgiaplasticapassofundo.com.br\/wp-content\/uploads\/2024\/03\/9e3cd6df8123ec8a396a2cb87249c0ef.jpg"}],"twitter_card":"summary_large_image","twitter_misc":{"Est. tempo de leitura":"3 minutos"},"schema":{"@context":"https:\/\/schema.org","@graph":[{"@type":"WebPage","@id":"https:\/\/cirurgiaplasticapassofundo.com.br\/?page_id=744","url":"https:\/\/cirurgiaplasticapassofundo.com.br\/?page_id=744","name":"Ginecomastia -","isPartOf":{"@id":"https:\/\/cirurgiaplasticapassofundo.com.br\/#website"},"primaryImageOfPage":{"@id":"https:\/\/cirurgiaplasticapassofundo.com.br\/?page_id=744#primaryimage"},"image":{"@id":"https:\/\/cirurgiaplasticapassofundo.com.br\/?page_id=744#primaryimage"},"thumbnailUrl":"https:\/\/cirurgiaplasticapassofundo.com.br\/wp-content\/uploads\/2024\/03\/9e3cd6df8123ec8a396a2cb87249c0ef.jpg","datePublished":"2024-03-19T22:00:54+00:00","dateModified":"2026-04-07T18:21:08+00:00","breadcrumb":{"@id":"https:\/\/cirurgiaplasticapassofundo.com.br\/?page_id=744#breadcrumb"},"inLanguage":"pt-BR","potentialAction":[{"@type":"ReadAction","target":["https:\/\/cirurgiaplasticapassofundo.com.br\/?page_id=744"]}]},{"@type":"ImageObject","inLanguage":"pt-BR","@id":"https:\/\/cirurgiaplasticapassofundo.com.br\/?page_id=744#primaryimage","url":"https:\/\/cirurgiaplasticapassofundo.com.br\/wp-content\/uploads\/2024\/03\/9e3cd6df8123ec8a396a2cb87249c0ef.jpg","contentUrl":"https:\/\/cirurgiaplasticapassofundo.com.br\/wp-content\/uploads\/2024\/03\/9e3cd6df8123ec8a396a2cb87249c0ef.jpg","width":960,"height":720},{"@type":"BreadcrumbList","@id":"https:\/\/cirurgiaplasticapassofundo.com.br\/?page_id=744#breadcrumb","itemListElement":[{"@type":"ListItem","position":1,"name":"In\u00edcio","item":"https:\/\/cirurgiaplasticapassofundo.com.br\/"},{"@type":"ListItem","position":2,"name":"Ginecomastia"}]},{"@type":"WebSite","@id":"https:\/\/cirurgiaplasticapassofundo.com.br\/#website","url":"https:\/\/cirurgiaplasticapassofundo.com.br\/","name":"","description":"","potentialAction":[{"@type":"SearchAction","target":{"@type":"EntryPoint","urlTemplate":"https:\/\/cirurgiaplasticapassofundo.com.br\/?s={search_term_string}"},"query-input":"required name=search_term_string"}],"inLanguage":"pt-BR"}]}},"_links":{"self":[{"href":"https:\/\/cirurgiaplasticapassofundo.com.br\/index.php?rest_route=\/wp\/v2\/pages\/744","targetHints":{"allow":["GET"]}}],"collection":[{"href":"https:\/\/cirurgiaplasticapassofundo.com.br\/index.php?rest_route=\/wp\/v2\/pages"}],"about":[{"href":"https:\/\/cirurgiaplasticapassofundo.com.br\/index.php?rest_route=\/wp\/v2\/types\/page"}],"author":[{"embeddable":true,"href":"https:\/\/cirurgiaplasticapassofundo.com.br\/index.php?rest_route=\/wp\/v2\/users\/1"}],"replies":[{"embeddable":true,"href":"https:\/\/cirurgiaplasticapassofundo.com.br\/index.php?rest_route=%2Fwp%2Fv2%2Fcomments&post=744"}],"version-history":[{"count":10,"href":"https:\/\/cirurgiaplasticapassofundo.com.br\/index.php?rest_route=\/wp\/v2\/pages\/744\/revisions"}],"predecessor-version":[{"id":1027,"href":"https:\/\/cirurgiaplasticapassofundo.com.br\/index.php?rest_route=\/wp\/v2\/pages\/744\/revisions\/1027"}],"wp:attachment":[{"href":"https:\/\/cirurgiaplasticapassofundo.com.br\/index.php?rest_route=%2Fwp%2Fv2%2Fmedia&parent=744"}],"curies":[{"name":"wp","href":"https:\/\/api.w.org\/{rel}","templated":true}]}}